t are the prime factors of w?
2
Suppose 10 = 2*s - 0*s. What are the prime factors of (-10)/4*(-6)/s?
3
Suppose -56 = -g - 3*w, -4*w - 20 = -g + 15. List the prime factors of g.
47
List the prime factors of (2 - -44 - 1)*1.
3, 5
Let p be (36/(-8))/3*-18. Let j = 50 - p. What are the prime factors of j?
23
Suppose -4*b + 7 = 3*t + 25, -t - 3*b - 11 = 0. Let s be -3 - 6/4*t. Suppose -3*f = 5*j + 2*f - 90, 2*j + f - 33 = s. What are the prime factors of j?
3, 5
Let t(r) = -r - 6. Let n be t(-5). Let d be (-1)/n + (-1 - -6). Suppose -2*p + d*p = 44. What are the prime factors of p?
11
Let z = 9 - 4. Suppose 2*f - 3*r + 2 = 45, z*r = -5*f + 145. List the prime factors of f.
2, 13
Suppose 0 = 2*o + o - 2*j + 9, 0 = -3*o - 3*j - 24. Let w = -1 - o. Suppose -w*p + 65 = p. What are the prime factors of p?
13
Let p = -11 - -17. Suppose -6*g + p = -4*g. What are the prime factors of g?
3
Let n = 7 - 5. Suppose -137 = -5*i - n*j + 13, 0 = -5*i + 4*j + 150. Suppose i = t + t. What are the prime factors of t?
3, 5
Let u(j) = 175*j**3 + 1. Let d be u(1). Let r = -4 - -3. What are the prime factors of -1 + r - d/(-8)?
2, 5
Let s = -312 - -442. What are the prime factors of s?
2, 5, 13
Let s(w) = w**2 + 8*w + 10. What are the prime factors of s(-8)?
2, 5
Let a = -5 + 7. Suppose -4*z + 866 = 2*k, 2*k + k + 429 = a*z. What are the prime factors of (-6)/21 - z/(-21)?
2, 5
Let j(z) = 7*z - 6. Suppose -3*o = -c - 3 + 19, 0 = 4*c + 4*o. List the prime factors of j(c).
2, 11
Let q(l) = -7 - 6 + 3 - l - 2*l. What are the prime factors of q(-9)?
17
Suppose -z - 29 = -113. What are the prime factors of z?
2, 3, 7
Suppose -1 = -4*l + 7. Suppose 4*u - 3*u = l. Suppose u*d + 3*r - 63 = -2*d, -r = -5. What are the prime factors of d?
2, 3
Let i = -11 + 5. Let d be (-2)/3 + (-82)/i. Let u = d + -2. List the prime factors of u.
11
Suppose r = -4*b + 32, -4*r + b = -2*r - 19. What are the prime factors of r?
2, 3
Suppose -b = -4*b + o + 110, -3*o = -3. Suppose -14 = -h + z + 2*z, 4*h + z - 17 = 0. Suppose -h*f + 4*n + 0*n + b = 0, f = n + 7. List the prime factors of f.
3
Suppose -5*y - z = 3*z - 1183, -936 = -4*y + 2*z. What are the prime factors of y?
5, 47
Let q = -53 + 140. What are the prime factors of q?
3, 29
Suppose 0*f = 2*f - 8. Suppose -15 = 5*x, 6*z - 2*z = -4*x - f. What are the prime factors of z?
2
What are the prime factors of 1*((-7 - -3) + 14)?
2, 5
Let b(o) = -o**3 - 4*o**2 + 5*o + 5. Let s be b(-5). Suppose 3*m = 4*m - s. Suppose 6*l = 3*l + 3, 0 = m*j + 2*l - 42. What are the prime factors of j?
2
Let m be (-4)/6 + 11/3. Suppose 4*i = 4*q - 136, q + 3*q = -5*i + 100. Suppose 2*k = -5*g + 51, -g + 4*k - q = -m*g. List the prime factors of g.
3
Suppose -6*m + m = 0. Suppose m = y - v - 9, 4*v - 11 = 3*y - 41. Suppose 2*d - 14 = 3*s + y, -3*d + 4*s + 29 = 0. What are the prime factors of d?
7
Suppose -5*a + 151 = -a - 3*n, -4*a + 4*n = -148. Suppose 5*f + 124 = 4*q, -3*q + 26 + a = 3*f. List the prime factors of q.
2, 13
Let k(n) = n - 2. Let i be k(5). Suppose -i*p = -4*p + y + 30, -5*y + 100 = 5*p. What are the prime factors of p?
5
Let c = 0 + -13. Let n = 18 + c. Suppose h + 52 = n*h. List the prime factors of h.
13
Let q(k) be the second derivative of -k**3/2 - 17*k**2/2 - 2*k. List the prime factors of q(-14).
5
Suppose -2*i = -5*i + 273. What are the prime factors of i?
7, 13
Let p(k) = 5*k**2 + 4*k - 4. Let m be p(-4). Suppose 4*a - m = -0*a. What are the prime factors of a?
3, 5
Let j = -1 + 1. Suppose -h + c = 48, j = -5*h - 0*c + 3*c - 240. List the prime factors of (-4)/14 - h/21.
2
Let p = -1 - -7. Let w be p/15 + 114/15. Suppose 4*h - 6*h = -w. What are the prime factors of h?
2
Let c = -343 + 632. List the prime factors of c.
17
Suppose t - 2*t = 2*g + 11, 18 = -3*g - 2*t. Let z = 6 + g. What are the prime factors of z?
2
Let a(y) = -2*y**2 - 2*y - 1. Let l be a(-3). Let x = -5 - l. Let r = 3 + x. List the prime factors of r.
11
Let w = 5 + -6. Let u = w + 4. List the prime factors of u*2/(-8)*-4.
3
Let y = -11 - -94. What are the prime factors of y?
83
Let h be 14/6 - 2/6. Let x be (28/70)/((-2)/(-10)). Suppose 5*w = h*d + 20 - x, -2*d = 3*w - 14. List the prime factors of w.
2
Suppose -5*r - 14 = -209. List the prime factors of r.
3, 13
Let t be 1 + (3 - 5 - -3). Suppose -t*w = -w - 14. What are the prime factors of w?
2, 7
What are the prime factors of (-1 + (-188)/(-4))/2?
23
Let n(t) = 41*t - 2. List the prime factors of n(3).
11
Suppose -h = 2*h - 102. List the prime factors of h.
2, 17
Suppose -41 - 31 = -4*l. Suppose -z + l = z. What are the prime factors of z?
3
What are the prime factors of (-7)/((-7)/78) - (-10 + 13)?
3, 5
Suppose 2*v = -v - 4*d + 360, -3*d - 505 = -4*v. List the prime factors of v.
2, 31
Let y = 89 - 45. List the prime factors of y.
2, 11
Suppose 379 = -4*k - 245. What are the prime factors of (-1)/5 - k/30?
5
Suppose -14 + 2 = -h. Suppose k + h + 9 = j, 0 = j - 2*k - 24. Suppose 2 = -2*i + j. List the prime factors of i.
2
Suppose -3 = 2*z - 25. Suppose -3*r - z + 71 = 0. What are the prime factors of r?
2, 5
List the prime factors of (2 + 132)*14/28.
67
Let f = 63 - 29. List the prime factors of f.
2, 17
Let t(u) = 17*u**3 + 2*u**2 - 1. List the prime factors of t(1).
2, 3
Suppose -2*a - 3*a = 0. Suppose 5 = 2*s - 1. Suppose a*m + s = m. List the prime factors of m.
3
Suppose -4*s - 56 = -4*g, g + 2*g = -2*s + 37. Let b be -2*2/4 - 1. Let k = b + g. List the prime factors of k.
11
Let q(o) = o**3 + 9*o**2 - 7. What are the prime factors of q(-5)?
3, 31
Suppose 5*b + 449 = 1464. List the prime factors of b.
7, 29
Suppose t - 3*t = 0. Suppose -4*z + 2*n + t*n + 14 = 0, -2*n - 2 = 0. List the prime factors of z*4/18*15.
2, 5
Let j = -11 + 45. List the prime factors of j.
2, 17
Let u = 12 - 22. Let b = -31 + 46. Let j = b + u. List the prime factors of j.
5
Suppose -2*v - 28 = -6*v. Suppose v*c - 9 = 4*c. What are the prime factors of c?
3
List the prime factors of ((-6)/(-4))/(((-175)/882)/(-25)).
3, 7
Let w(b) = 9*b + 7. Let j be w(-4). Let f = j + 60. What are the prime factors of f?
31
Let h(d) = 3*d**2 + 35*d + 4. List the prime factors of h(-16).
2, 53
Suppose -5*t + t = -100. What are the prime factors of t?
5
What are the prime factors of (-4)/(-18) - (-42720)/216?
2, 3, 11
Suppose f = 4*f - 12. Suppose f*y + 0*y = 24. What are the prime factors of y?
2, 3
Let h(t) = t - 8. Let v(l) = -2*l + 8. Suppose 8 = -2*q - 2*q. Let o(i) = q*v(i) - 3*h(i). List the prime factors of o(0).
2
Suppose 0 = 6*s - 2*s - 16. Suppose s*u - 3*r + 7*r + 56 = 0, 0 = u - 5*r + 2. Let j = u + 20. What are the prime factors of j?
2
Let z = -99 + 370. What are the prime factors of z?
271
Let a be ((-3)/(-5))/(2/10). Suppose a*q - 2*q - 56 = 0. Suppose 4*k + 3*d = q, -6*k + 4*d = -k - 39. What are the prime factors of k?
11
Let m(h) be the second derivative of h**3/6 - h**2 + 3*h. List the prime factors of m(5).
3
Let n(k) = -k**3 + 1. Let u be n(-2). Let c(a) be the second derivative of a**4/12 - 7*a**3/6 - 6*a**2 + 10*a. What are the prime factors of c(u)?
2, 3
What are the prime factors of (-1575)/(-14)*4/3?
2, 3, 5
Suppose 75 = 3*n + 3*j, 5 = -3*n + 4*n - 4*j. Suppose -64 - n = -5*q. List the prime factors of q.
17
Let a(f) = -f**3 - f + 38. What are the prime factors of a(0)?
2, 19
Let y(k) = k**3 - 8*k**2 + k - 6. Let c = 10 + -2. What are the prime factors of y(c)?
2
What are the prime factors of 2/(2/(26 + 2))?
2, 7
Suppose -4*x = -5*d + x - 15, -3*x + 5 = -d. Let t be (-524)/(-10) - d/(-5). Suppose 3*g - t = -g. List the prime factors of g.
13
Let u = 8 - 6. Let f(k) = -3*k**2 + 0*k**2 - 7*k + u*k**2 - 2. What are the prime factors of f(-3)?
2, 5
Let t be (0 + 1)/((-1)/(-11)). Let q = -4 + t. What are the prime factors of q?
7
Suppose 4*s + 7 = n, 2*n + 3*s = 2 + 1. Suppose -n*l - 13 = -4. Let q = 11 + l. List the prime factors of q.
2
Suppose -2*w = -3*w. Suppose 40 = -w*l + 5*l. Let k = 10 - l. List the prime factors of k.
2
Suppose 3*o = v + 196, 0 = 4*o - 2*o - 3*v - 119. Suppose 0 = -5*i - o + 217. What are the prime factors of i?
2, 3, 5
Suppose -2*f - 5*h + 1225 = 0, 3*f - 339 = -h + 1505. List the prime factors of f/25 + (-2)/(-5).
5
Let l be 0 - (-5 + (1 - 1)). Suppose -5*y + 0 = -5*j + 15, 2*j - l*y = 9. What are 